mine p(-316).
9
Let a(l) = -l**3 - 102*l**2 - 442*l - 24367. Give a(-100).
-167
Let u(m) = -7857*m + 384882. Give u(49).
-111
Let d(b) = 4551*b - 18214. Calculate d(4).
-10
Let s(n) = -n**3 - 43*n**2 + 195*n + 8320. Determine s(-43).
-65
Let y(i) = 883*i**2 + 15*i. What is y(1)?
898
Let h(z) = -32*z**2 - 243*z - 1405. Determine h(-6).
-1099
Let q(t) = -2344*t + 25450. Determine q(9).
4354
Let a(p) = -2173*p - 254249. Determine a(-117).
-8
Let i(s) = -s**3 + 873*s**2 - 9478*s - 62. What is i(11)?
-18
Let j(b) = 2*b**2 + 379*b - 87590. Calculate j(135).
25
Let q(w) = -1454*w**2 - 17458*w - 130. Calculate q(-12).
-10
Let f(k) = 27*k**2 - 846*k - 3833. Give f(-4).
-17
Let n(k) = -18*k**3 - 285*k**2 + 352*k - 63. Calculate n(-17).
22
Let k(w) = 4017*w - 321418. Calculate k(80).
-58
Let j(x) = 11555*x - 623916. Determine j(54).
54
Let i(w) = -7*w**3 + 491*w**2 - 166*w + 124. What is i(70)?
-6596
Let p(d) = -1266*d + 3870. Calculate p(3).
72
Let d(c) = 1711*c - 9041. Give d(5).
-486
Let a(x) = 8079*x - 258523. What is a(32)?
5
Let i(y) = 3*y**2 + 371*y + 10154. Determine i(-36).
686
Let o(g) = 11005*g**2 - 66016*g - 20. Calculate o(6).
64
Let o(c) = -104*c**2 + 1740*c + 4486. Calculate o(19).
2
Let c(i) = -6485*i - 37372. Give c(-6).
1538
Let d(y) = -223*y + 4888. Determine d(15).
1543
Let n(t) = t**3 - 66*t**2 - 206*t + 4725. Determine n(68).
-35
Let s(r) = -r**2 - 3039*r - 117027. Give s(-39).
-27
Let z(y) = 3*y**2 + 972*y - 6944. Determine z(7).
7
Let f(n) = -7*n**2 - 532*n - 6900. Determine f(-17).
121
Let v(a) = -2*a**2 + 212*a - 4695. Calculate v(77).
-229
Let d(x) = -22*x + 728. Give d(39).
-130
Let q(b) = -775*b + 15629. Give q(20).
129
Let y(p) = 163*p - 20019. What is y(127)?
682
Let d(c) = -200*c**2 - 611*c - 20. Give d(-4).
-776
Let t(c) = 73*c**2 - 81*c + 262. What is t(3)?
676
Let g(h) = -2*h**3 - 64*h**2 - 457*h + 507. Calculate g(-20).
47
Let d(o) = -13*o - 1198. Determine d(22).
-1484
Let n(r) = r**2 + 264735*r + 3706094. Determine n(-14).
0
Let n(o) = o**3 + 2522*o**2 - 4676*o + 938923. Give n(-2524).
-5
Let s(o) = -1291*o + 14261. Determine s(11).
60
Let x(q) = q**3 + 8*q**2 + 9078*q - 54540. Calculate x(6).
432
Let f(l) = -19*l**2 - 58*l + 10. Give f(-3).
13
Let y(d) = -6771*d + 129331. Determine y(19).
682
Let f(t) = -136317*t - 681590. What is f(-5)?
-5
Let i(m) = 3*m**3 - 3681*m - 254. What is i(-35)?
-44
Let c(b) = 11*b**2 + 1498*b - 26802. Give c(16).
-18
Let f(g) = -g**2 - g + 86. Determine f(20).
-334
Let j(a) = -a**3 - 2*a**2 - 59*a - 1784. Determine j(0).
-1784
Let d(y) = -8650*y**2 - 103802*y - 27. Calculate d(-12).
-3
Let i(f) = -f**2 + 212*f - 4563. Determine i(30).
897
Let m(a) = 71618*a - 286464. Calculate m(4).
8
Let x(r) = -12857*r + 4487123. What is x(349)?
30
Let v(p) = -79*p**2 + 1086*p + 270. Give v(14).
-10
Let z(t) = -t**2 + 3354*t - 16751. What is z(5)?
-6
Let l(b) = -382*b**2 - 2666*b + 154. Give l(-7).
98
Let u(h) = 6547*h + 2153974. What is u(-329)?
11
Let z(m) = 167*m - 1042. What is z(7)?
127
Let o(r) = -r**3 + 17*r**2 - 67*r - 663. Determine o(-4).
-59
Let h(m) = -2*m**3 - 296*m**2 + 9*m + 718. What is h(-148)?
-614
Let u(o) = o**2 + 65*o - 21375. Give u(-201).
5961
Let f(n) = 15*n**2 - 23726*n + 23722. Calculate f(1).
11
Let o(t) = -2155*t + 8361. Calculate o(4).
-259
Let q(f) = -2*f**2 + 275*f - 6993. Calculate q(104).
-25
Let c(y) = 2969*y + 89422. Give c(-30).
352
Let i(n) = -n**3 - 208*n**2 - 374*n + 7837. Determine i(-206).
9
Let w(u) = 336*u - 42613. Give w(127).
59
Let h(o) = -o**2 + 1130*o + 31233. Calculate h(-27).
-6
Let q(n) = 8876062*n - 115388810. What is q(13)?
-4
Let h(s) = 6*s**3 - 885*s**2 - 445*s + 125. Determine h(148).
-23
Let n(h) = 2*h**2 + 235*h + 4122. What is n(-96)?
-6
Let l(z) = z**3 + 6*z**2 - 140*z - 11. Determine l(-18).
-1379
Let c(o) = 353*o**2 + 3533*o. Determine c(-10).
-30
Let u(n) = 3*n**3 + 13*n**2 + 64*n + 317. Give u(-8).
-899
Let d(f) = f**3 + 38*f**2 + 232*f - 286. Give d(-30).
-46
Let c(p) = 31438*p - 252169. Determine c(8).
-665
Let j(a) = -a**3 - 468*a**2 - 1077*a - 67454. Give j(-466).
116
Let u(n) = 31*n**2 - 1836*n + 21445. Calculate u(16).
5
Let q(y) = -y**3 + 43*y**2 - 974*y + 31911. Calculate q(39).
9
Let g(v) = -16*v**2 - 80*v - 80. Calculate g(4).
-656
Let x(m) = -359*m**3 - 5*m**2 - 147*m - 142. Calculate x(-1).
359
Let z(u) = -45*u - 4205. Determine z(-104).
475
Let o(b) = 816*b**2 + 9017*b + 459. Give o(-11).
8
Let b(f) = -478*f**3 - 2449*f**2 - 293*f - 9. Determine b(-5).
-19
Let y(a) = a**3 + 9*a**2 - 107*a - 925. What is y(-11)?
10
Let i(k) = 3*k**3 + 158*k**2 - 375*k + 718. What is i(-55)?
168
Let w(y) = y**3 + 43*y**2 - 621*y + 2035. What is w(-55)?
-110
Let g(a) = 68*a**2 + 363*a - 17664. Give g(-19).
-13
Let x(g) = 1389*g - 14048. Give x(10).
-158
Let g(v) = v**3 - 13*v**2 - 6776*v + 1061. Calculate g(89).
-7
Let f(z) = 67*z**3 + 10*z**2 - 10766*z - 10777. What is f(-1)?
-68
Let l(f) = 2*f**3 + 1743*f**2 - 7687*f + 172570. Calculate l(-876).
-2
Let i(y) = 2*y**3 + 39*y**2 - 67*y + 37. Determine i(-21).
121
Let p(u) = u**3 - 1008*u**2 - 27*u + 27204. What is p(1008)?
-12
Let a(w) = -302*w**2 + 71*w - 20. Calculate a(-4).
-5136
Let a(r) = 361*r - 857. Calculate a(3).
226
Let j(v) = -8445*v - 1959181. Give j(-232).
59
Let j(f) = -f**3 + 5*f**2 + 324*f - 1. What is j(21)?
-253
Let j(k) = 330*k - 1801. What is j(6)?
179
Let y(n) = -19*n**2 + 284*n + 380. Give y(16).
60
Let t(o) = -o**2 + 130*o - 2803. Give t(95).
522
Let o(u) = 2070*u - 156096. Determine o(75).
-846
Let h(p) = 3*p**3 + 1119*p**2 + 1061*p - 20445. Give h(-372).
15
Let b(q) = -q**2 - 544*q - 73277. Calculate b(-245).
-22
Let l(c) = c**2 - 29555*c - 19324787. Give l(-640).
13
Let m(c) = 10*c**3 + 64*c**2 + 64*c + 294. Determine m(-6).
54
Let v(w) = -2*w**3 - 19*w**2 - 12*w + 108. Calculate v(-5).
-57
Let l(o) = o**2 + 13809*o + 330454. What is l(-24)?
-386
Let z(c) = -c**2 + 331*c + 6270. Determine z(-17).
354
Let o(x) = -296*x**2 - 29880*x + 127. Determine o(-101).
-1489
Let j(q) = -q**2 - 2570*q - 458763. Calculate j(-193).
-2
Let d(w) = w**3 - 6*w**2 + 8*w - 572. Calculate d(11).
121
Let h(p) = -p**2 - 83589*p + 2508587. Calculate h(30).
17
Let c(q) = 446*q + 50279. Calculate c(-119).
-2795
Let t(n) = 5579*n + 22324. Determine t(-4).
8
Let t(i) = -36064*i - 432418. Calculate t(-12).
350
Let g(j) = -14*j**2 + 2280*j + 9158. What is g(-4)?
-186
Let u(i) = 8*i**2 - 127*i + 275. Determine u(7).
-222
Let w(n) = n**2 + 493*n + 60769. Determine w(-244).
13
Let n(b) = 11*b**2 + 1449987*b - 1449988. Give n(1).
10
Let i(m) = -57*m - 1610. Give i(25).
-3035
Let c(z) = 5*z**2 + 191425*z - 9. Determine c(0).
-9
Let y(q) = -7581*q + 2918680. Give y(385).
-5
Let i(c) = -31*c**3 - 2*c**2 - 3*c - 241. Give i(0).
-241
Let o(i) = 11*i**3 - 54*i**2 + 542*i - 3800. Calculate o(7).
1121
Let s(p) = -5*p**2 - 2847*p + 11368. Determine s(4).
-100
Let f(l) = l**2 - 251*l + 2959. Calculate f(12).
91
Let l(w) = 71*w**2 - 453*w - 303. Determine l(7).
5
Let t(a) = 63*a**2 + 512*a + 11. Calculate t(-6).
-793
Let u(q) = -16246*q - 48698. What is u(-3)?
40
Let m(b) = 2*b**3 + 103*b**2 - 59*b - 638. Calculate m(-52).
-274
Let d(n) = 30*n**2 + 961*n + 7727. What is d(-16)?
31
Let a(m) = -17462*m**2 + 3*m + 4. Determine a(0).
4
Let v(h) = 522*h**3 - 4*h**2 + 2126*h + 4252. Determine v(-2).
-4192
Let y(b) = -38729*b - 3717995. Give y(-96).
-11
Let c(z) = z**2 - 478*z - 31665. Calculate c(-59).
18
Let m(b) = -b**3 - 35*b**2 - 493*b + 733. What is m(-19)?
4324
Let t(v) = 4*v**3 + 256*v**2 + 4099*v + 548. Determine t(-30).
-22
Let h(u) = 796*u - 27957. Calculate h(35).
-97
Let j(x) = -2*x**3 + 22*x**2 + 175*x - 215. Give j(16).
25
Let h(a) = -1078*a - 2185. What is h(-2)?
-29
Let x(q) = -10994*q - 153832. Give x(-14).
84
Let b(z) = -35*z**2 - 2519*z - 23427. Give b(-61).
-3
Let k(w) = -3*w**3 + 344*w**2 - 1464*w - 8371. Calculate k(110).
-11
Let z(r) = 3*r**2 + 962*r + 2900. Give z(-3).
41
Let s(g) = -77*g**2 - 709*g + 98. Calculate s(-9).
242
Let s(u) = -u**3 + 36*u**2 - 337*u + 59. What is s(21)?
-403
Let a(z) = -125*z - 23745. Give a(-189).
-120
Let k(b) = -3*b**2 + 3786*b + 120281. Calculate k(-31).
32
Let p(g) = g**3 - 16*g**2 - 86*g + 726. Give p(17).
-447
Let g(y) = -6*y**3 - 93*y**2 + 772*y + 16. Determin